+ 5*y. Suppose m = 4*j - 75, 2*m + 100 = w*j + 6*m. What is the remainder when 41 - 4*2/4 is divided by j?
19
Suppose -4*o + 2*a + 34 = 0, -5 = -a - 4. Suppose -o = -r - 3. Suppose -3*l - 21 = -r*l. What is the remainder when 12 is divided by l?
5
Suppose -4*l = s - 6, -5*s + 2 + 10 = 2*l. Suppose 0 = 4*q + s - 46. What is the remainder when q is divided by 4?
3
Let u(x) = 63*x - 1. Let i(h) = 2*h**3 - 4*h**2 - 2. What is the remainder when u(1) is divided by i(3)?
14
Let f = 8 + -3. Suppose 3*q = -2*q + 95. What is the remainder when q is divided by f?
4
Suppose 5*i + 3*c = 918 - 191, 4*c = 3*i - 413. Suppose 20 - i = -3*n. Suppose -5*l = -58 - 12. Calculate the remainder when n is divided by l.
13
Let d(y) = -y**2 + 1. Let b be d(-2). Let f = -2 - b. Let t(p) = -3*p + 5. What is the remainder when t(1) is divided by f?
0
Suppose -2*x + x = -13. Let a(m) = 2*m - 2 - 5*m + 4*m. Calculate the remainder when x is divided by a(7).
3
Suppose 3*a - a - 19 = 3*f, -5*a - f + 39 = 0. What is the remainder when 29 is divided by a?
5
Let w be 14/6 - (-1)/(-3). Suppose 2*q = p, 0 = -3*p - w*p + 5*q + 5. Let z(y) = 4*y + 1. Calculate the remainder when z(1) is divided by p.
1
Suppose -3*u - 5*d + 0 = -9, u - 3 = 2*d. What is the remainder when 5 is divided by u?
2
Suppose -3*g + 40 = -5*p, 3*g = -0*g - 3*p. Let i = g + -2. What is the remainder when 8 is divided by i?
2
Suppose -141 = n - 2*n. Suppose 0 = -5*i + n - 31. Calculate the remainder when 43 is divided by i.
21
Let v(p) = p**2 + 8*p - 11. Let f be v(-9). Let a(h) = -7*h - 5. What is the remainder when a(f) is divided by 6?
3
Let c = 114 - 96. What is the remainder when 31 is divided by c?
13
Suppose -63 = 3*g - 21. Let i = 25 + g. Let q = 4 - 0. Calculate the remainder when i is divided by q.
3
Let r = 8 - 5. What is the remainder when 5 is divided by r?
2
Suppose 3*f - 2*n - 75 = 0, 0 = 4*f + n - 2*n - 95. What is the remainder when 91 is divided by f?
22
Let d(x) = 9*x + 47. What is the remainder when 4 is divided by d(-5)?
0
Let m = -8 - -13. Suppose 117 + 58 = m*y. Calculate the remainder when y is divided by 12.
11
Let v(x) = 3*x - 5. Let p be v(6). Let h = p - 4. What is the remainder when -2*((-46)/4 + -1) is divided by h?
7
Let k(d) = 4*d + 5. Let u be k(6). Let g = -16 + u. What is the remainder when 36 is divided by g?
10
Suppose -2*v + 12 = -0*v. Suppose -v*g + 36 = -2*g - 5*f, -2*g - 5*f = -18. Calculate the remainder when 35 is divided by g.
8
Suppose 2*i = 1 + 5. Suppose -3*v + 2 + 16 = 0. Calculate the remainder when (-1)/(((-6)/22)/i) is divided by v.
5
Let d(t) = 3*t**3 + t**2 + t - 1. Let l be d(1). Suppose -2*s + 3 = 3*g - 0*g, -l*g - 2*s = -2. What is the remainder when 0 + 2 + g - -39 is divided by 14?
12
Let s = -141 - -219. Calculate the remainder when s is divided by 160/(-12)*12/(-10) + 4.
18
Let r(b) = 4*b + 2. What is the remainder when 65 is divided by r(6)?
13
Let v be (-127)/(-5) - (-10)/(-25). Suppose 3*u - 44 - v = 0. What is the remainder when u is divided by 8?
7
Let l be (3*(-2)/(-6))/1. Let b = 17 + -10. Calculate the remainder when 15 + (-2)/(l + 0) is divided by b.
6
Calculate the remainder when 54/8 + 3/12 is divided by 3.
1
Suppose -3*k = -5*b + 144, -3*b = 5*k - 2*k - 72. What is the remainder when b is divided by 7?
6
Suppose -49 = -2*u + 5. What is the remainder when 80 is divided by u?
26
Let p be -8 + 10 + (0 - 0). Let q = 3 - p. What is the remainder when 3 is divided by q?
0
Let g = -116 - -133. Calculate the remainder when 151 is divided by g.
15
Let k(n) = 7*n**3 + n**2 - 7*n - 27. Let c(z) = -8*z**3 - z**2 + 8*z + 28. Let d(o) = -6*c(o) - 7*k(o). Calculate the remainder when 62 is divided by d(0).
20
Let q(w) = 13*w**3 + w - 1. Suppose 0 = 10*u - 4*u - 42. Calculate the remainder when q(1) is divided by u.
6
Suppose 0 = 4*o - 9 - 3. Suppose -b = 2*m - 12, 5*b + 4*m - 104 = 5*m. Let h = b - 12. Calculate the remainder when h is divided by o.
2
Let g = 18 + -9. What is the remainder when g is divided by 4?
1
Suppose 4 = n + t, 4*t = -n - n + 8. Let l = 11 - 4. Calculate the remainder when l is divided by n.
3
Let u(k) = 2*k + 6. Calculate the remainder when u(9) is divided by 5.
4
Let j = 24 + -17. Suppose 0 = 3*f - 2*f - 4*g - 8, 2*g = 5*f - 94. What is the remainder when f is divided by j?
6
Suppose 5*l - 207 = 2*l. Suppose 0 = 3*n - 21 - l. Calculate the remainder when n is divided by 16.
14
Suppose 54 + 6 = -4*u. Let s be ((-8)/12)/(2/u). Suppose 2*z - s*z + 61 = 2*o, -4 = -4*z. What is the remainder when o is divided by 15?
14
Let w(i) = 7*i - 28. What is the remainder when 69 is divided by w(9)?
34
Let l = 2 + -3. Let w be (2/(-4))/(l/42). Suppose 0*j - w = -j. Calculate the remainder when 61 is divided by j.
19
Let v be (12/8)/(6/8). Suppose j = -v*g + 8 - 2, 5*j + 10 = -2*g. What is the remainder when g is divided by 3?
2
Let s(y) = y + 2. Let v be s(-1). Calculate the remainder when 73 is divided by (-1)/(3/(-57)*v).
16
Let s(p) = p**3 - 6*p**2 - 4*p. What is the remainder when s(7) is divided by 8?
5
Suppose -5*l = 3*q - 191, -2*l = -3*q - 0*l + 205. What is the remainder when q is divided by 17?
16
Let h(g) = -g - 6. Let b be h(-7). Calculate the remainder when 61 is divided by (-2)/4*(b + -63).
30
Let f = 7 + -7. Suppose f*w = 7*w - 147. What is the remainder when w is divided by 11?
10
Let q = -49 + 71. Let f = q + -15. Calculate the remainder when (11/22)/(1/38) is divided by f.
5
Let s(a) = -a + 9. What is the remainder when 2 is divided by s(7)?
0
Let w(n) = -n**2 - 3*n - 2. Let l be w(-2). Suppose -2 = 3*a - 17. Suppose -2*k - k + 16 = a*o, -5*k - 15 = l. What is the remainder when o is divided by 2?
1
What is the remainder when (-11)/(4/16*-2) is divided by 6?
4
Let k(c) be the first derivative of -c**3/3 + 3*c**2/2 - 2*c + 2. Let y(a) be the first derivative of k(a). Calculate the remainder when 25 is divided by y(-3).
7
Let p = -89 - -51. Let x be 55 - (-3 + 3) - 1. Let n = x + p. Calculate the remainder when 30 is divided by n.
14
Let y be (-6)/(-9) - (-84)/9. Suppose t + y = 6*t. What is the remainder when t is divided by 0 - (2/2 + -2)?
0
Let o be (-1 + 4)*-1 + 10. Let c be 1/(-1) + o + 0. Suppose -u - 3*g - 4 = -c*g, u = -4*g + 17. What is the remainder when 9 is divided by u?
4
Let q(w) = w**3 + 4*w**2 - 11*w + 4. Calculate the remainder when q(-5) is divided by 12.
10
Let h = 19 + 5. Calculate the remainder when 71 is divided by h.
23
Let b(d) = -d**2 - 15*d + 5. Let t be b(-12). Suppose 0*z - 2*y - 16 = -z, 5*y = -2*z + t. Calculate the remainder when z is divided by 7.
4
Let m(r) = -r**2 + 8*r - 1. Suppose -s + 5*s = 124. Calculate the remainder when s is divided by m(6).
9
Calculate the remainder when (4/6)/((-16)/(-936)) is divided by 10.
9
Let t = -2 - -10. Let u(w) = 3*w - 12. Let c be u(t). Suppose c = -2*q + 4*q. What is the remainder when 17 is divided by q?
5
Let t = -45 + 27. Let k be (6/4)/(6/(-136)). Let z = t - k. What is the remainder when 46 is divided by z?
14
Let k(a) = -a**2 + 9*a + 13. What is the remainder when 5 is divided by k(10)?
2
What is the remainder when (-81)/1*(-1)/3 is divided by 10?
7
Let x(t) = -t**3 + 7*t**2 - 5*t - 7. Let v be x(5). Let i = v + -13. Calculate the remainder when 14 is divided by i.
4
Let m(k) = k**2 - 22*k - 19. What is the remainder when 83 is divided by m(24)?
25
Let g(p) = 2*p**3 + p**2 - 2*p - 4. Suppose 0*q + 10 = v + q, 45 = 4*v + 5*q. Let y = -2 + v. What is the remainder when g(y) is divided by 14?
11
Let i(p) = -7*p + 3. What is the remainder when i(-5) is divided by 20?
18
Let v(r) = -r. Let p be v(-9). Calculate the remainder when 411/27 + (-2)/p is divided by 8.
7
Let j(t) = 24*t**3 + t**2. What is the remainder when 47/1 - 14/(-7) is divided by j(1)?
24
Calculate the remainder when (2 + -10)*(1 + -3) is divided by 9.
7
Suppose 0 = -u + 6 - 4. What is the remainder when 66/(-12)*(-4)/u is divided by 3*(-1 + 3)*1?
5
Let h be (-42)/(-35)*10/4. Suppose -60 = -h*o - 6. What is the remainder when 69 is divided by o?
15
Suppose 4*u = -2*z + 84 - 4, 0 = 3*u + 4*z - 50. Calculate the remainder when 59 is divided by u.
15
Calculate the remainder when 66 is divided by (9/6 + -3)*(-16)/6.
2
Suppose -5*c - 2*u + 0 = -4, 0 = -3*c + 2*u - 4. Suppose c*l = -l + 40. Calc